{"id":95,"date":"2023-07-31T09:37:30","date_gmt":"2023-07-31T12:37:30","guid":{"rendered":"https:\/\/aprendasax.com\/?page_id=95"},"modified":"2023-08-18T14:39:45","modified_gmt":"2023-08-18T17:39:45","slug":"sobre","status":"publish","type":"page","link":"https:\/\/aprendasax.com\/index.php\/sobre\/","title":{"rendered":"Sobre"},"content":{"rendered":"\n<figure class=\"wp-block-image size-large\"><img decoding=\"async\" loading=\"lazy\" width=\"1024\" height=\"695\" src=\"https:\/\/aprendasax.com\/wp-content\/uploads\/2023\/08\/IMG_0891-1024x695.jpg\" alt=\"\" class=\"wp-image-227\" srcset=\"https:\/\/aprendasax.com\/wp-content\/uploads\/2023\/08\/IMG_0891-1024x695.jpg 1024w, https:\/\/aprendasax.com\/wp-content\/uploads\/2023\/08\/IMG_0891-300x204.jpg 300w, https:\/\/aprendasax.com\/wp-content\/uploads\/2023\/08\/IMG_0891-768x521.jpg 768w, https:\/\/aprendasax.com\/wp-content\/uploads\/2023\/08\/IMG_0891-1536x1043.jpg 1536w, https:\/\/aprendasax.com\/wp-content\/uploads\/2023\/08\/IMG_0891-2048x1390.jpg 2048w\" sizes=\"(max-width: 1024px) 100vw, 1024px\" \/><\/figure>\n\n\n\n<h2 class=\"wp-block-heading\"><strong>Pablo Ribeiro<\/strong><\/h2>\n\n\n\n<p>Saxofonista h\u00e1 mais de uma d\u00e9cada, estudou saxofone em um dos principais conservat\u00f3rios de ensino do saxofone no mundo, o <strong>Conservat\u00f3rio Regional de Lyon &#8211; Fran\u00e7a,<\/strong> onde desenvolveu sua metodologia de ensino.<\/p>\n\n\n\n<p>Tamb\u00e9m atuou como solista, Camerista, e m\u00fasico de orquestra em diversos grupos, como professor j\u00e1 realizou v\u00e1rias Masterclasses pelo Brasil e exterior. Al\u00e9m disso, \u00e9 <strong>formado em saxofone pelo Conservat\u00f3rio de Tatu\u00ed onde pelo mesmo \u00e9 especializado<\/strong> em repert\u00f3rio Solo e em M\u00fasica de C\u00e2mara.<\/p>\n\n\n\n<p>Atualmente \u00e9 <strong>Artista Barkley<\/strong>, professor do Projeto Guri no estado de S\u00e3o Paulo, e fundador dos cursos online <strong><a href=\"https:\/\/www.pabloribeirosax.com\/ids-40\" target=\"_blank\" rel=\"noreferrer noopener\">\u201cIniciantes do Sax\u201d<\/a> <\/strong>e \u201cO controle do sax\u201d.<\/p>\n\n\n\n<ul>\n<li><strong>Formado e especializado em saxofone<\/strong><\/li>\n\n\n\n<li><strong>Estudou saxofone na Fran\u00e7a<\/strong><\/li>\n\n\n\n<li><strong>Professor no estado de S\u00e3o Paulo<\/strong><\/li>\n\n\n\n<li><strong>Artista Barkley<\/strong><\/li>\n<\/ul>\n","protected":false},"excerpt":{"rendered":"<p>Pablo Ribeiro Saxofonista h\u00e1 mais de uma d\u00e9cada, estudou saxofone em um dos principais conservat\u00f3rios de ensino do saxofone no mundo, o Conservat\u00f3rio Regional de Lyon &#8211; Fran\u00e7a, onde desenvolveu sua metodologia de ensino. Tamb\u00e9m atuou como solista, Camerista, e m\u00fasico de orquestra em diversos grupos, como professor j\u00e1 realizou v\u00e1rias Masterclasses pelo Brasil e [&hellip;]<\/p>\n","protected":false},"author":1,"featured_media":0,"parent":0,"menu_order":0,"comment_status":"closed","ping_status":"closed","template":"","meta":{"footnotes":""},"yoast_head":"<!-- This site is optimized with the Yoast SEO plugin v20.13 - https:\/\/yoast.com\/wordpress\/plugins\/seo\/ -->\n<title>Pablo Ribeiro: Artista Barkley<\/title>\n<meta name=\"description\" content=\"Pablo Ribeiro estudou saxofone em um dos principais conservat\u00f3rios de saxofone mundo, o Conservat\u00f3rio Regional de Lyon - Fran\u00e7a.\" \/>\n<meta name=\"robots\" content=\"index, follow, max-snippet:-1, max-image-preview:large, max-video-preview:-1\" \/>\n<link rel=\"canonical\" href=\"https:\/\/aprendasax.com\/index.php\/sobre\/\" \/>\n<meta property=\"og:locale\" content=\"en_US\" \/>\n<meta property=\"og:type\" content=\"article\" \/>\n<meta property=\"og:title\" content=\"Pablo Ribeiro: Artista Barkley\" \/>\n<meta property=\"og:description\" content=\"Pablo Ribeiro estudou saxofone em um dos principais conservat\u00f3rios de saxofone mundo, o Conservat\u00f3rio Regional de Lyon - Fran\u00e7a.\" \/>\n<meta property=\"og:url\" content=\"https:\/\/aprendasax.com\/index.php\/sobre\/\" \/>\n<meta property=\"og:site_name\" content=\"aprendasax.com\" \/>\n<meta property=\"article:publisher\" content=\"https:\/\/www.facebook.com\/pabloribeirosaxx\" \/>\n<meta property=\"article:modified_time\" content=\"2023-08-18T17:39:45+00:00\" \/>\n<meta property=\"og:image\" content=\"https:\/\/aprendasax.com\/wp-content\/uploads\/2023\/08\/IMG_0891-1024x695.jpg\" \/>\n<meta name=\"twitter:card\" content=\"summary_large_image\" \/>\n<meta name=\"twitter:label1\" content=\"Est. reading time\" \/>\n\t<meta name=\"twitter:data1\" content=\"1 minute\" \/>\n<script type=\"application\/ld+json\" class=\"yoast-schema-graph\">{\"@context\":\"https:\/\/schema.org\",\"@graph\":[{\"@type\":\"WebPage\",\"@id\":\"https:\/\/aprendasax.com\/index.php\/sobre\/\",\"url\":\"https:\/\/aprendasax.com\/index.php\/sobre\/\",\"name\":\"Pablo Ribeiro: Artista Barkley\",\"isPartOf\":{\"@id\":\"https:\/\/aprendasax.com\/#website\"},\"datePublished\":\"2023-07-31T12:37:30+00:00\",\"dateModified\":\"2023-08-18T17:39:45+00:00\",\"description\":\"Pablo Ribeiro estudou saxofone em um dos principais conservat\u00f3rios de saxofone mundo, o Conservat\u00f3rio Regional de Lyon - Fran\u00e7a.\",\"inLanguage\":\"en-US\",\"potentialAction\":[{\"@type\":\"ReadAction\",\"target\":[\"https:\/\/aprendasax.com\/index.php\/sobre\/\"]}]},{\"@type\":\"WebSite\",\"@id\":\"https:\/\/aprendasax.com\/#website\",\"url\":\"https:\/\/aprendasax.com\/\",\"name\":\"aprendasax.com\",\"description\":\"Aprenda Sax: Seu guia online para dominar o saxofone. Li\u00e7\u00f5es, dicas e recursos para saxofonistas de todos os n\u00edveis. Aprenda t\u00e9cnicas, improvisa\u00e7\u00e3o e teoria musical aplicada ao saxofone. Junte-se \u00e0 nossa comunidade apaixonada pelo saxofone e desenvolva suas habilidades musicais. Explore o Aprenda Sax agora!\",\"publisher\":{\"@id\":\"https:\/\/aprendasax.com\/#\/schema\/person\/a12a819aa155a5b78301089ca515dcd4\"},\"alternateName\":\"Aprenda Sax\",\"potentialAction\":[{\"@type\":\"SearchAction\",\"target\":{\"@type\":\"EntryPoint\",\"urlTemplate\":\"https:\/\/aprendasax.com\/?s={search_term_string}\"},\"query-input\":\"required name=search_term_string\"}],\"inLanguage\":\"en-US\"},{\"@type\":[\"Person\",\"Organization\"],\"@id\":\"https:\/\/aprendasax.com\/#\/schema\/person\/a12a819aa155a5b78301089ca515dcd4\",\"name\":\"Pablo Hugo Ribeiro de Lima\",\"image\":{\"@type\":\"ImageObject\",\"inLanguage\":\"en-US\",\"@id\":\"https:\/\/aprendasax.com\/#\/schema\/person\/image\/\",\"url\":\"http:\/\/aprendasax.com\/wp-content\/uploads\/2023\/07\/Pablo-Ribeiro-Sax-scaled-e1689192036146.jpg\",\"contentUrl\":\"http:\/\/aprendasax.com\/wp-content\/uploads\/2023\/07\/Pablo-Ribeiro-Sax-scaled-e1689192036146.jpg\",\"width\":1707,\"height\":1708,\"caption\":\"Pablo Hugo Ribeiro de Lima\"},\"logo\":{\"@id\":\"https:\/\/aprendasax.com\/#\/schema\/person\/image\/\"},\"description\":\"E a\u00ed, meus alunos e alunas de saxofone, tudo bem com voc\u00eas? Eu me chamo Pablo Ribeiro, sou um saxofonista com mais de uma d\u00e9cada de experi\u00eancia. Estudei saxofone no Conservat\u00f3rio Regional de Lyon, na Fran\u00e7a, e sou formado em saxofone pelo Conservat\u00f3rio de Tatu\u00ed, o maior da Am\u00e9rica Latina. Compartilho minha paix\u00e3o pelo saxofone e minha metodologia de ensino. Sou Artista Barkley, professor do Projeto Guri em S\u00e3o Paulo e fundador dos cursos online \\\"Iniciantes do Sax\\\" e \\\"O controle do sax\\\".\",\"sameAs\":[\"http:\/\/www.aprendasax.com\",\"https:\/\/www.facebook.com\/pabloribeirosaxx\",\"https:\/\/www.instagram.com\/pabloribeirosax\/\",\"https:\/\/www.youtube.com\/@pabloribeirosax\"]}]}<\/script>\n<!-- \/ Yoast SEO plugin. -->","yoast_head_json":{"title":"Pablo Ribeiro: Artista Barkley","description":"Pablo Ribeiro estudou saxofone em um dos principais conservat\u00f3rios de saxofone mundo, o Conservat\u00f3rio Regional de Lyon - Fran\u00e7a.","robots":{"index":"index","follow":"follow","max-snippet":"max-snippet:-1","max-image-preview":"max-image-preview:large","max-video-preview":"max-video-preview:-1"},"canonical":"https:\/\/aprendasax.com\/index.php\/sobre\/","og_locale":"en_US","og_type":"article","og_title":"Pablo Ribeiro: Artista Barkley","og_description":"Pablo Ribeiro estudou saxofone em um dos principais conservat\u00f3rios de saxofone mundo, o Conservat\u00f3rio Regional de Lyon - Fran\u00e7a.","og_url":"https:\/\/aprendasax.com\/index.php\/sobre\/","og_site_name":"aprendasax.com","article_publisher":"https:\/\/www.facebook.com\/pabloribeirosaxx","article_modified_time":"2023-08-18T17:39:45+00:00","og_image":[{"url":"https:\/\/aprendasax.com\/wp-content\/uploads\/2023\/08\/IMG_0891-1024x695.jpg"}],"twitter_card":"summary_large_image","twitter_misc":{"Est. reading time":"1 minute"},"schema":{"@context":"https:\/\/schema.org","@graph":[{"@type":"WebPage","@id":"https:\/\/aprendasax.com\/index.php\/sobre\/","url":"https:\/\/aprendasax.com\/index.php\/sobre\/","name":"Pablo Ribeiro: Artista Barkley","isPartOf":{"@id":"https:\/\/aprendasax.com\/#website"},"datePublished":"2023-07-31T12:37:30+00:00","dateModified":"2023-08-18T17:39:45+00:00","description":"Pablo Ribeiro estudou saxofone em um dos principais conservat\u00f3rios de saxofone mundo, o Conservat\u00f3rio Regional de Lyon - Fran\u00e7a.","inLanguage":"en-US","potentialAction":[{"@type":"ReadAction","target":["https:\/\/aprendasax.com\/index.php\/sobre\/"]}]},{"@type":"WebSite","@id":"https:\/\/aprendasax.com\/#website","url":"https:\/\/aprendasax.com\/","name":"aprendasax.com","description":"Aprenda Sax: Seu guia online para dominar o saxofone. Li\u00e7\u00f5es, dicas e recursos para saxofonistas de todos os n\u00edveis. Aprenda t\u00e9cnicas, improvisa\u00e7\u00e3o e teoria musical aplicada ao saxofone. Junte-se \u00e0 nossa comunidade apaixonada pelo saxofone e desenvolva suas habilidades musicais. Explore o Aprenda Sax agora!","publisher":{"@id":"https:\/\/aprendasax.com\/#\/schema\/person\/a12a819aa155a5b78301089ca515dcd4"},"alternateName":"Aprenda Sax","potentialAction":[{"@type":"SearchAction","target":{"@type":"EntryPoint","urlTemplate":"https:\/\/aprendasax.com\/?s={search_term_string}"},"query-input":"required name=search_term_string"}],"inLanguage":"en-US"},{"@type":["Person","Organization"],"@id":"https:\/\/aprendasax.com\/#\/schema\/person\/a12a819aa155a5b78301089ca515dcd4","name":"Pablo Hugo Ribeiro de Lima","image":{"@type":"ImageObject","inLanguage":"en-US","@id":"https:\/\/aprendasax.com\/#\/schema\/person\/image\/","url":"http:\/\/aprendasax.com\/wp-content\/uploads\/2023\/07\/Pablo-Ribeiro-Sax-scaled-e1689192036146.jpg","contentUrl":"http:\/\/aprendasax.com\/wp-content\/uploads\/2023\/07\/Pablo-Ribeiro-Sax-scaled-e1689192036146.jpg","width":1707,"height":1708,"caption":"Pablo Hugo Ribeiro de Lima"},"logo":{"@id":"https:\/\/aprendasax.com\/#\/schema\/person\/image\/"},"description":"E a\u00ed, meus alunos e alunas de saxofone, tudo bem com voc\u00eas? Eu me chamo Pablo Ribeiro, sou um saxofonista com mais de uma d\u00e9cada de experi\u00eancia. Estudei saxofone no Conservat\u00f3rio Regional de Lyon, na Fran\u00e7a, e sou formado em saxofone pelo Conservat\u00f3rio de Tatu\u00ed, o maior da Am\u00e9rica Latina. Compartilho minha paix\u00e3o pelo saxofone e minha metodologia de ensino. Sou Artista Barkley, professor do Projeto Guri em S\u00e3o Paulo e fundador dos cursos online \"Iniciantes do Sax\" e \"O controle do sax\".","sameAs":["http:\/\/www.aprendasax.com","https:\/\/www.facebook.com\/pabloribeirosaxx","https:\/\/www.instagram.com\/pabloribeirosax\/","https:\/\/www.youtube.com\/@pabloribeirosax"]}]}},"_links":{"self":[{"href":"https:\/\/aprendasax.com\/index.php\/wp-json\/wp\/v2\/pages\/95"}],"collection":[{"href":"https:\/\/aprendasax.com\/index.php\/wp-json\/wp\/v2\/pages"}],"about":[{"href":"https:\/\/aprendasax.com\/index.php\/wp-json\/wp\/v2\/types\/page"}],"author":[{"embeddable":true,"href":"https:\/\/aprendasax.com\/index.php\/wp-json\/wp\/v2\/users\/1"}],"replies":[{"embeddable":true,"href":"https:\/\/aprendasax.com\/index.php\/wp-json\/wp\/v2\/comments?post=95"}],"version-history":[{"count":4,"href":"https:\/\/aprendasax.com\/index.php\/wp-json\/wp\/v2\/pages\/95\/revisions"}],"predecessor-version":[{"id":230,"href":"https:\/\/aprendasax.com\/index.php\/wp-json\/wp\/v2\/pages\/95\/revisions\/230"}],"wp:attachment":[{"href":"https:\/\/aprendasax.com\/index.php\/wp-json\/wp\/v2\/media?parent=95"}],"curies":[{"name":"wp","href":"https:\/\/api.w.org\/{rel}","templated":true}]}}