{"id":93,"date":"2023-07-31T09:36:38","date_gmt":"2023-07-31T12:36:38","guid":{"rendered":"https:\/\/aprendasax.com\/?page_id=93"},"modified":"2023-09-12T10:11:10","modified_gmt":"2023-09-12T13:11:10","slug":"curso-de-saxofone","status":"publish","type":"page","link":"https:\/\/aprendasax.com\/index.php\/curso-de-saxofone\/","title":{"rendered":"Blogs"},"content":{"rendered":"\n<div class=\"wp-block-group is-layout-constrained wp-block-group-is-layout-constrained\">\n<div class=\"wp-block-query alignfull is-layout-flow wp-block-query-is-layout-flow\">\n<div class=\"wp-block-group alignfull is-layout-flow wp-block-group-is-layout-flow\" style=\"padding-top:0;padding-right:var(--wp--preset--spacing--40);padding-bottom:var(--wp--preset--spacing--40);padding-left:var(--wp--preset--spacing--40)\"><ul style=\"text-transform:none;\" class=\"alignfull wp-block-post-template is-layout-flow wp-block-post-template-is-layout-flow\"><li class=\"wp-block-post post-1580 post type-post status-publish format-standard hentry category-blog\">\n\n<div class=\"wp-block-group is-layout-flow wp-container-3 wp-block-group-is-layout-flow\" style=\"padding-bottom:var(--wp--preset--spacing--50)\">\n<div class=\"wp-block-group is-content-justification-space-between is-nowrap is-layout-flex wp-container-1 wp-block-group-is-layout-flex\" style=\"border-bottom-color:var(--wp--preset--color--contrast);border-bottom-width:4px;padding-top:var(--wp--preset--spacing--30);padding-right:0;padding-bottom:var(--wp--preset--spacing--30);padding-left:0\"><div style=\"margin-top:0;margin-right:0;margin-bottom:0;margin-left:0; font-size:2rem;font-style:normal;font-weight:600;letter-spacing:1px;\" class=\"has-text-align-left has-link-color has-text-color has-contrast-color wp-block-post-date wp-elements-5813a8450eb0347cfdf34f1870882db6\"><time datetime=\"2026-05-01T16:12:44-03:00\">05.1<\/time><\/div>\n\n<div style=\"margin-top:0;margin-right:0;margin-bottom:0;margin-left:0; font-size:2rem;font-style:normal;font-weight:600;letter-spacing:1px;\" class=\"has-text-align-left has-link-color has-text-color has-contrast-color wp-block-post-date wp-elements-672016f5c95dcb277e0d666c7795c645\"><time datetime=\"2026-05-01T16:12:44-03:00\">2026<\/time><\/div><\/div>\n\n\n<h2 style=\"padding-top:var(--wp--preset--spacing--30); font-size:4.6rem;font-style:normal;font-weight:600;line-height:1.1;\" class=\"has-link-color has-text-color has-contrast-color wp-block-post-title wp-elements-b5fa43084743aafd1d185f08a32e7678 is-layout-flow wp-block-post-title-is-layout-flow\"><a href=\"https:\/\/aprendasax.com\/index.php\/2026\/05\/01\/como-consumir-referencias-com-inteligencia-na-musica\/\" target=\"_self\" >Como consumir refer\u00eancias com intelig\u00eancia na m\u00fasica<\/a><\/h2><\/div>\n\n<\/li><li class=\"wp-block-post post-1577 post type-post status-publish format-standard hentry category-blog\">\n\n<div class=\"wp-block-group is-layout-flow wp-container-6 wp-block-group-is-layout-flow\" style=\"padding-bottom:var(--wp--preset--spacing--50)\">\n<div class=\"wp-block-group is-content-justification-space-between is-nowrap is-layout-flex wp-container-4 wp-block-group-is-layout-flex\" style=\"border-bottom-color:var(--wp--preset--color--contrast);border-bottom-width:4px;padding-top:var(--wp--preset--spacing--30);padding-right:0;padding-bottom:var(--wp--preset--spacing--30);padding-left:0\"><div style=\"margin-top:0;margin-right:0;margin-bottom:0;margin-left:0; font-size:2rem;font-style:normal;font-weight:600;letter-spacing:1px;\" class=\"has-text-align-left has-link-color has-text-color has-contrast-color wp-block-post-date wp-elements-5813a8450eb0347cfdf34f1870882db6\"><time datetime=\"2026-04-21T13:51:10-03:00\">04.21<\/time><\/div>\n\n<div style=\"margin-top:0;margin-right:0;margin-bottom:0;margin-left:0; font-size:2rem;font-style:normal;font-weight:600;letter-spacing:1px;\" class=\"has-text-align-left has-link-color has-text-color has-contrast-color wp-block-post-date wp-elements-672016f5c95dcb277e0d666c7795c645\"><time datetime=\"2026-04-21T13:51:10-03:00\">2026<\/time><\/div><\/div>\n\n\n<h2 style=\"padding-top:var(--wp--preset--spacing--30); font-size:4.6rem;font-style:normal;font-weight:600;line-height:1.1;\" class=\"has-link-color has-text-color has-contrast-color wp-block-post-title wp-elements-b5fa43084743aafd1d185f08a32e7678 is-layout-flow wp-block-post-title-is-layout-flow\"><a href=\"https:\/\/aprendasax.com\/index.php\/2026\/04\/21\/como-a-musica-ativa-nossas-emocoes\/\" target=\"_self\" >Como a m\u00fasica ativa nossas emo\u00e7\u00f5es<\/a><\/h2><\/div>\n\n<\/li><li class=\"wp-block-post post-1574 post type-post status-publish format-standard hentry category-blog\">\n\n<div class=\"wp-block-group is-layout-flow wp-container-9 wp-block-group-is-layout-flow\" style=\"padding-bottom:var(--wp--preset--spacing--50)\">\n<div class=\"wp-block-group is-content-justification-space-between is-nowrap is-layout-flex wp-container-7 wp-block-group-is-layout-flex\" style=\"border-bottom-color:var(--wp--preset--color--contrast);border-bottom-width:4px;padding-top:var(--wp--preset--spacing--30);padding-right:0;padding-bottom:var(--wp--preset--spacing--30);padding-left:0\"><div style=\"margin-top:0;margin-right:0;margin-bottom:0;margin-left:0; font-size:2rem;font-style:normal;font-weight:600;letter-spacing:1px;\" class=\"has-text-align-left has-link-color has-text-color has-contrast-color wp-block-post-date wp-elements-5813a8450eb0347cfdf34f1870882db6\"><time datetime=\"2026-04-09T12:27:21-03:00\">04.9<\/time><\/div>\n\n<div style=\"margin-top:0;margin-right:0;margin-bottom:0;margin-left:0; font-size:2rem;font-style:normal;font-weight:600;letter-spacing:1px;\" class=\"has-text-align-left has-link-color has-text-color has-contrast-color wp-block-post-date wp-elements-672016f5c95dcb277e0d666c7795c645\"><time datetime=\"2026-04-09T12:27:21-03:00\">2026<\/time><\/div><\/div>\n\n\n<h2 style=\"padding-top:var(--wp--preset--spacing--30); font-size:4.6rem;font-style:normal;font-weight:600;line-height:1.1;\" class=\"has-link-color has-text-color has-contrast-color wp-block-post-title wp-elements-b5fa43084743aafd1d185f08a32e7678 is-layout-flow wp-block-post-title-is-layout-flow\"><a href=\"https:\/\/aprendasax.com\/index.php\/2026\/04\/09\/como-ser-um-bom-musico-e-nao-ser-mediocre\/\" target=\"_self\" >Como ser um bom m\u00fasico e n\u00e3o ser med\u00edocre<\/a><\/h2><\/div>\n\n<\/li><\/ul><\/div>\n\n\n\n<div class=\"wp-block-group is-layout-flow wp-block-group-is-layout-flow\" style=\"margin-top:0;margin-bottom:0;padding-top:var(--wp--preset--spacing--40);padding-right:var(--wp--preset--spacing--40);padding-bottom:var(--wp--preset--spacing--40);padding-left:var(--wp--preset--spacing--40)\"><nav class=\"wp-block-query-pagination is-content-justification-space-between is-nowrap is-layout-flex wp-container-12 wp-block-query-pagination-is-layout-flex\" aria-label=\"Pagination\">\n\n\n<a href=\"\/index.php\/wp-json\/wp\/v2\/pages\/93?query-1-page=2\" style=\"font-size:2rem;font-style:normal;font-weight:600;text-transform:uppercase;letter-spacing:1px;\" class=\"wp-block-query-pagination-next\">Next Page<\/a>\n<\/nav><\/div>\n<\/div>\n<\/div>\n","protected":false},"excerpt":{"rendered":"","protected":false},"author":1,"featured_media":0,"parent":0,"menu_order":0,"comment_status":"closed","ping_status":"closed","template":"","meta":{"footnotes":""},"yoast_head":"<!-- This site is optimized with the Yoast SEO plugin v20.13 - https:\/\/yoast.com\/wordpress\/plugins\/seo\/ -->\n<title>Blog AprendaSax<\/title>\n<meta name=\"description\" content=\"No blog AprendaSax voc\u00ea ter\u00e1 acesso a uma infinidade de conte\u00fados relevantes para qualquer saxofonista, e assim certamente voc\u00ea evoluir\u00e1 muito no instrumento.\" \/>\n<meta name=\"robots\" content=\"index, follow, max-snippet:-1, max-image-preview:large, max-video-preview:-1\" \/>\n<link rel=\"canonical\" href=\"https:\/\/aprendasax.com\/index.php\/curso-de-saxofone\/\" \/>\n<meta property=\"og:locale\" content=\"en_US\" \/>\n<meta property=\"og:type\" content=\"article\" \/>\n<meta property=\"og:title\" content=\"Blog AprendaSax\" \/>\n<meta property=\"og:description\" content=\"No blog AprendaSax voc\u00ea ter\u00e1 acesso a uma infinidade de conte\u00fados relevantes para qualquer saxofonista, e assim certamente voc\u00ea evoluir\u00e1 muito no instrumento.\" \/>\n<meta property=\"og:url\" content=\"https:\/\/aprendasax.com\/index.php\/curso-de-saxofone\/\" \/>\n<meta property=\"og:site_name\" content=\"aprendasax.com\" \/>\n<meta property=\"article:publisher\" content=\"https:\/\/www.facebook.com\/pabloribeirosaxx\" \/>\n<meta property=\"article:modified_time\" content=\"2023-09-12T13:11:10+00:00\" \/>\n<meta name=\"twitter:card\" content=\"summary_large_image\" \/>\n<script type=\"application\/ld+json\" class=\"yoast-schema-graph\">{\"@context\":\"https:\/\/schema.org\",\"@graph\":[{\"@type\":\"WebPage\",\"@id\":\"https:\/\/aprendasax.com\/index.php\/curso-de-saxofone\/\",\"url\":\"https:\/\/aprendasax.com\/index.php\/curso-de-saxofone\/\",\"name\":\"Blog AprendaSax\",\"isPartOf\":{\"@id\":\"https:\/\/aprendasax.com\/#website\"},\"datePublished\":\"2023-07-31T12:36:38+00:00\",\"dateModified\":\"2023-09-12T13:11:10+00:00\",\"description\":\"No blog AprendaSax voc\u00ea ter\u00e1 acesso a uma infinidade de conte\u00fados relevantes para qualquer saxofonista, e assim certamente voc\u00ea evoluir\u00e1 muito no instrumento.\",\"inLanguage\":\"en-US\",\"potentialAction\":[{\"@type\":\"ReadAction\",\"target\":[\"https:\/\/aprendasax.com\/index.php\/curso-de-saxofone\/\"]}]},{\"@type\":\"WebSite\",\"@id\":\"https:\/\/aprendasax.com\/#website\",\"url\":\"https:\/\/aprendasax.com\/\",\"name\":\"aprendasax.com\",\"description\":\"Aprenda Sax: Seu guia online para dominar o saxofone. Li\u00e7\u00f5es, dicas e recursos para saxofonistas de todos os n\u00edveis. Aprenda t\u00e9cnicas, improvisa\u00e7\u00e3o e teoria musical aplicada ao saxofone. Junte-se \u00e0 nossa comunidade apaixonada pelo saxofone e desenvolva suas habilidades musicais. Explore o Aprenda Sax agora!\",\"publisher\":{\"@id\":\"https:\/\/aprendasax.com\/#\/schema\/person\/a12a819aa155a5b78301089ca515dcd4\"},\"alternateName\":\"Aprenda Sax\",\"potentialAction\":[{\"@type\":\"SearchAction\",\"target\":{\"@type\":\"EntryPoint\",\"urlTemplate\":\"https:\/\/aprendasax.com\/?s={search_term_string}\"},\"query-input\":\"required name=search_term_string\"}],\"inLanguage\":\"en-US\"},{\"@type\":[\"Person\",\"Organization\"],\"@id\":\"https:\/\/aprendasax.com\/#\/schema\/person\/a12a819aa155a5b78301089ca515dcd4\",\"name\":\"Pablo Hugo Ribeiro de Lima\",\"image\":{\"@type\":\"ImageObject\",\"inLanguage\":\"en-US\",\"@id\":\"https:\/\/aprendasax.com\/#\/schema\/person\/image\/\",\"url\":\"http:\/\/aprendasax.com\/wp-content\/uploads\/2023\/07\/Pablo-Ribeiro-Sax-scaled-e1689192036146.jpg\",\"contentUrl\":\"http:\/\/aprendasax.com\/wp-content\/uploads\/2023\/07\/Pablo-Ribeiro-Sax-scaled-e1689192036146.jpg\",\"width\":1707,\"height\":1708,\"caption\":\"Pablo Hugo Ribeiro de Lima\"},\"logo\":{\"@id\":\"https:\/\/aprendasax.com\/#\/schema\/person\/image\/\"},\"description\":\"E a\u00ed, meus alunos e alunas de saxofone, tudo bem com voc\u00eas? Eu me chamo Pablo Ribeiro, sou um saxofonista com mais de uma d\u00e9cada de experi\u00eancia. Estudei saxofone no Conservat\u00f3rio Regional de Lyon, na Fran\u00e7a, e sou formado em saxofone pelo Conservat\u00f3rio de Tatu\u00ed, o maior da Am\u00e9rica Latina. Compartilho minha paix\u00e3o pelo saxofone e minha metodologia de ensino. Sou Artista Barkley, professor do Projeto Guri em S\u00e3o Paulo e fundador dos cursos online \\\"Iniciantes do Sax\\\" e \\\"O controle do sax\\\".\",\"sameAs\":[\"http:\/\/www.aprendasax.com\",\"https:\/\/www.facebook.com\/pabloribeirosaxx\",\"https:\/\/www.instagram.com\/pabloribeirosax\/\",\"https:\/\/www.youtube.com\/@pabloribeirosax\"]}]}<\/script>\n<!-- \/ Yoast SEO plugin. -->","yoast_head_json":{"title":"Blog AprendaSax","description":"No blog AprendaSax voc\u00ea ter\u00e1 acesso a uma infinidade de conte\u00fados relevantes para qualquer saxofonista, e assim certamente voc\u00ea evoluir\u00e1 muito no instrumento.","robots":{"index":"index","follow":"follow","max-snippet":"max-snippet:-1","max-image-preview":"max-image-preview:large","max-video-preview":"max-video-preview:-1"},"canonical":"https:\/\/aprendasax.com\/index.php\/curso-de-saxofone\/","og_locale":"en_US","og_type":"article","og_title":"Blog AprendaSax","og_description":"No blog AprendaSax voc\u00ea ter\u00e1 acesso a uma infinidade de conte\u00fados relevantes para qualquer saxofonista, e assim certamente voc\u00ea evoluir\u00e1 muito no instrumento.","og_url":"https:\/\/aprendasax.com\/index.php\/curso-de-saxofone\/","og_site_name":"aprendasax.com","article_publisher":"https:\/\/www.facebook.com\/pabloribeirosaxx","article_modified_time":"2023-09-12T13:11:10+00:00","twitter_card":"summary_large_image","schema":{"@context":"https:\/\/schema.org","@graph":[{"@type":"WebPage","@id":"https:\/\/aprendasax.com\/index.php\/curso-de-saxofone\/","url":"https:\/\/aprendasax.com\/index.php\/curso-de-saxofone\/","name":"Blog AprendaSax","isPartOf":{"@id":"https:\/\/aprendasax.com\/#website"},"datePublished":"2023-07-31T12:36:38+00:00","dateModified":"2023-09-12T13:11:10+00:00","description":"No blog AprendaSax voc\u00ea ter\u00e1 acesso a uma infinidade de conte\u00fados relevantes para qualquer saxofonista, e assim certamente voc\u00ea evoluir\u00e1 muito no instrumento.","inLanguage":"en-US","potentialAction":[{"@type":"ReadAction","target":["https:\/\/aprendasax.com\/index.php\/curso-de-saxofone\/"]}]},{"@type":"WebSite","@id":"https:\/\/aprendasax.com\/#website","url":"https:\/\/aprendasax.com\/","name":"aprendasax.com","description":"Aprenda Sax: Seu guia online para dominar o saxofone. Li\u00e7\u00f5es, dicas e recursos para saxofonistas de todos os n\u00edveis. Aprenda t\u00e9cnicas, improvisa\u00e7\u00e3o e teoria musical aplicada ao saxofone. Junte-se \u00e0 nossa comunidade apaixonada pelo saxofone e desenvolva suas habilidades musicais. Explore o Aprenda Sax agora!","publisher":{"@id":"https:\/\/aprendasax.com\/#\/schema\/person\/a12a819aa155a5b78301089ca515dcd4"},"alternateName":"Aprenda Sax","potentialAction":[{"@type":"SearchAction","target":{"@type":"EntryPoint","urlTemplate":"https:\/\/aprendasax.com\/?s={search_term_string}"},"query-input":"required name=search_term_string"}],"inLanguage":"en-US"},{"@type":["Person","Organization"],"@id":"https:\/\/aprendasax.com\/#\/schema\/person\/a12a819aa155a5b78301089ca515dcd4","name":"Pablo Hugo Ribeiro de Lima","image":{"@type":"ImageObject","inLanguage":"en-US","@id":"https:\/\/aprendasax.com\/#\/schema\/person\/image\/","url":"http:\/\/aprendasax.com\/wp-content\/uploads\/2023\/07\/Pablo-Ribeiro-Sax-scaled-e1689192036146.jpg","contentUrl":"http:\/\/aprendasax.com\/wp-content\/uploads\/2023\/07\/Pablo-Ribeiro-Sax-scaled-e1689192036146.jpg","width":1707,"height":1708,"caption":"Pablo Hugo Ribeiro de Lima"},"logo":{"@id":"https:\/\/aprendasax.com\/#\/schema\/person\/image\/"},"description":"E a\u00ed, meus alunos e alunas de saxofone, tudo bem com voc\u00eas? Eu me chamo Pablo Ribeiro, sou um saxofonista com mais de uma d\u00e9cada de experi\u00eancia. Estudei saxofone no Conservat\u00f3rio Regional de Lyon, na Fran\u00e7a, e sou formado em saxofone pelo Conservat\u00f3rio de Tatu\u00ed, o maior da Am\u00e9rica Latina. Compartilho minha paix\u00e3o pelo saxofone e minha metodologia de ensino. Sou Artista Barkley, professor do Projeto Guri em S\u00e3o Paulo e fundador dos cursos online \"Iniciantes do Sax\" e \"O controle do sax\".","sameAs":["http:\/\/www.aprendasax.com","https:\/\/www.facebook.com\/pabloribeirosaxx","https:\/\/www.instagram.com\/pabloribeirosax\/","https:\/\/www.youtube.com\/@pabloribeirosax"]}]}},"_links":{"self":[{"href":"https:\/\/aprendasax.com\/index.php\/wp-json\/wp\/v2\/pages\/93"}],"collection":[{"href":"https:\/\/aprendasax.com\/index.php\/wp-json\/wp\/v2\/pages"}],"about":[{"href":"https:\/\/aprendasax.com\/index.php\/wp-json\/wp\/v2\/types\/page"}],"author":[{"embeddable":true,"href":"https:\/\/aprendasax.com\/index.php\/wp-json\/wp\/v2\/users\/1"}],"replies":[{"embeddable":true,"href":"https:\/\/aprendasax.com\/index.php\/wp-json\/wp\/v2\/comments?post=93"}],"version-history":[{"count":4,"href":"https:\/\/aprendasax.com\/index.php\/wp-json\/wp\/v2\/pages\/93\/revisions"}],"predecessor-version":[{"id":305,"href":"https:\/\/aprendasax.com\/index.php\/wp-json\/wp\/v2\/pages\/93\/revisions\/305"}],"wp:attachment":[{"href":"https:\/\/aprendasax.com\/index.php\/wp-json\/wp\/v2\/media?parent=93"}],"curies":[{"name":"wp","href":"https:\/\/api.w.org\/{rel}","templated":true}]}}